{"id":1127,"date":"2020-01-27T17:31:29","date_gmt":"2020-01-27T16:31:29","guid":{"rendered":"http:\/\/kposbusiness.com\/?page_id=1127"},"modified":"2020-01-29T18:02:04","modified_gmt":"2020-01-29T17:02:04","slug":"web","status":"publish","type":"page","link":"https:\/\/kposbusiness.com\/index.php\/web\/","title":{"rendered":"WEB"},"content":{"rendered":"<p>[vc_row match_height=\u00a0\u00bbyes\u00a0\u00bb vertical_center=\u00a0\u00bbyes\u00a0\u00bb row_type=\u00a0\u00bbfull_width\u00a0\u00bb type=\u00a0\u00bbfull_screen\u00a0\u00bb bg_select=\u00a0\u00bbbg_color_section\u00a0\u00bb bg_color=\u00a0\u00bb#ffffff\u00a0\u00bb anchor=\u00a0\u00bbabout\u00a0\u00bb border_color=\u00a0\u00bb#dd3333&Prime;][vc_column width=\u00a0\u00bb1\/2&Prime; parallax_repeat=\u00a0\u00bbcover\u00a0\u00bb bg_image_postions=\u00a0\u00bbcenter center\u00a0\u00bb content_align=\u00a0\u00bbtext-center\u00a0\u00bb bg_color=\u00a0\u00bbrgba(43,43,43,0.1)\u00a0\u00bb parallax_img=\u00a0\u00bb1223&Prime;][\/vc_column][vc_column width=\u00a0\u00bb1\/2&Prime; p_top=\u00a0\u00bb170&Prime; p_bottom=\u00a0\u00bb170&Prime; p_left=\u00a0\u00bb12%\u00a0\u00bb p_right=\u00a0\u00bb12%\u00a0\u00bb][wbc_heading tag=\u00a0\u00bbh3&Prime; heading_style=\u00a0\u00bbheading-3&Prime; align=\u00a0\u00bbcenter\u00a0\u00bb title=\u00a0\u00bbWEB\u00a0\u00bb font_size=\u00a0\u00bb45&Prime; m_bottom=\u00a0\u00bb0&Prime;][wbc_hr height=\u00a0\u00bb4&Prime; width=\u00a0\u00bb70&Prime; bg_color=\u00a0\u00bb#dd3333&Prime; m_left=\u00a0\u00bbauto\u00a0\u00bb m_right=\u00a0\u00bbauto\u00a0\u00bb m_bottom=\u00a0\u00bb60&Prime;][vc_column_text]<\/p>\n<h4><strong>Aujourd&rsquo;hui<\/strong>, plus que jamais, il est primordial pour une entreprise d&rsquo;<strong>\u00eatre sur internet<\/strong>. Afin d&rsquo;\u00eatre <strong>visible<\/strong>, car contrairement aux autres m\u00e9dias, le web est <strong>accessible de partout<\/strong> \u00e0 travers le monde, en tout temps et <strong>par tout le monde<\/strong>.<\/h4>\n<h4>Mais aussi pour une <strong>meilleure cr\u00e9dibilit\u00e9<\/strong> aupr\u00e8s de vos clients, apprendre \u00e0 mieux les connaitre et cr\u00e9er une base de <strong>client engag\u00e9<\/strong> via les <strong>r\u00e9seaux sociaux<\/strong>.<\/h4>\n<p>[\/vc_column_text][vc_empty_space][\/vc_column][\/vc_row]<\/p>\n","protected":false},"excerpt":{"rendered":"<p>[vc_row match_height=\u00a0\u00bbyes\u00a0\u00bb vertical_center=\u00a0\u00bbyes\u00a0\u00bb row_type=\u00a0\u00bbfull_width\u00a0\u00bb type=\u00a0\u00bbfull_screen\u00a0\u00bb bg_select=\u00a0\u00bbbg_color_section\u00a0\u00bb bg_color=\u00a0\u00bb#ffffff\u00a0\u00bb anchor=\u00a0\u00bbabout\u00a0\u00bb border_color=\u00a0\u00bb#dd3333&Prime;][vc_column width=\u00a0\u00bb1\/2&Prime; parallax_repeat=\u00a0\u00bbcover\u00a0\u00bb bg_image_postions=\u00a0\u00bbcenter center\u00a0\u00bb content_align=\u00a0\u00bbtext-center\u00a0\u00bb bg_color=\u00a0\u00bbrgba(43,43,43,0.1)\u00a0\u00bb parallax_img=\u00a0\u00bb1223&Prime;][\/vc_column][vc_column width=\u00a0\u00bb1\/2&Prime; p_top=\u00a0\u00bb170&Prime; p_bottom=\u00a0\u00bb170&Prime; p_left=\u00a0\u00bb12%\u00a0\u00bb [&hellip;]<\/p>\n","protected":false},"author":1,"featured_media":0,"parent":0,"menu_order":0,"comment_status":"closed","ping_status":"closed","template":"","meta":{"content-type":"","site-sidebar-layout":"default","site-content-layout":"","ast-site-content-layout":"default","site-content-style":"default","site-sidebar-style":"default","ast-global-header-display":"","ast-banner-title-visibility":"","ast-main-header-display":"","ast-hfb-above-header-display":"","ast-hfb-below-header-display":"","ast-hfb-mobile-header-display":"","site-post-title":"","ast-breadcrumbs-content":"","ast-featured-img":"","footer-sml-layout":"","ast-disable-related-posts":"","theme-transparent-header-meta":"","adv-header-id-meta":"","stick-header-meta":"","header-above-stick-meta":"","header-main-stick-meta":"","header-below-stick-meta":"","astra-migrate-meta-layouts":"default","ast-page-background-enabled":"default","ast-page-background-meta":{"desktop":{"background-color":"var(--ast-global-color-5)","background-image":"","background-repeat":"repeat","background-position":"center center","background-size":"auto","background-attachment":"scroll","background-type":"","background-media":"","overlay-type":"","overlay-color":"","overlay-opacity":"","overlay-gradient":""},"tablet":{"background-color":"","background-image":"","background-repeat":"repeat","background-position":"center center","background-size":"auto","background-attachment":"scroll","background-type":"","background-media":"","overlay-type":"","overlay-color":"","overlay-opacity":"","overlay-gradient":""},"mobile":{"background-color":"","background-image":"","background-repeat":"repeat","background-position":"center center","background-size":"auto","background-attachment":"scroll","background-type":"","background-media":"","overlay-type":"","overlay-color":"","overlay-opacity":"","overlay-gradient":""}},"ast-content-background-meta":{"desktop":{"background-color":"var(--ast-global-color-4)","background-image":"","background-repeat":"repeat","background-position":"center center","background-size":"auto","background-attachment":"scroll","background-type":"","background-media":"","overlay-type":"","overlay-color":"","overlay-opacity":"","overlay-gradient":""},"tablet":{"background-color":"var(--ast-global-color-4)","background-image":"","background-repeat":"repeat","background-position":"center center","background-size":"auto","background-attachment":"scroll","background-type":"","background-media":"","overlay-type":"","overlay-color":"","overlay-opacity":"","overlay-gradient":""},"mobile":{"background-color":"var(--ast-global-color-4)","background-image":"","background-repeat":"repeat","background-position":"center center","background-size":"auto","background-attachment":"scroll","background-type":"","background-media":"","overlay-type":"","overlay-color":"","overlay-opacity":"","overlay-gradient":""}},"footnotes":""},"class_list":["post-1127","page","type-page","status-publish","hentry"],"rttpg_featured_image_url":null,"rttpg_author":{"display_name":"admin3991","author_link":"https:\/\/kposbusiness.com\/index.php\/author\/admin3991\/"},"rttpg_comment":0,"rttpg_category":null,"rttpg_excerpt":"[vc_row match_height=\u00a0\u00bbyes\u00a0\u00bb vertical_center=\u00a0\u00bbyes\u00a0\u00bb row_type=\u00a0\u00bbfull_width\u00a0\u00bb type=\u00a0\u00bbfull_screen\u00a0\u00bb bg_select=\u00a0\u00bbbg_color_section\u00a0\u00bb bg_color=\u00a0\u00bb#ffffff\u00a0\u00bb anchor=\u00a0\u00bbabout\u00a0\u00bb border_color=\u00a0\u00bb#dd3333&Prime;][vc_column width=\u00a0\u00bb1\/2&Prime; parallax_repeat=\u00a0\u00bbcover\u00a0\u00bb bg_image_postions=\u00a0\u00bbcenter center\u00a0\u00bb content_align=\u00a0\u00bbtext-center\u00a0\u00bb bg_color=\u00a0\u00bbrgba(43,43,43,0.1)\u00a0\u00bb parallax_img=\u00a0\u00bb1223&Prime;][\/vc_column][vc_column width=\u00a0\u00bb1\/2&Prime; p_top=\u00a0\u00bb170&Prime; p_bottom=\u00a0\u00bb170&Prime; p_left=\u00a0\u00bb12%\u00a0\u00bb [&hellip;]","_links":{"self":[{"href":"https:\/\/kposbusiness.com\/index.php\/wp-json\/wp\/v2\/pages\/1127","targetHints":{"allow":["GET"]}}],"collection":[{"href":"https:\/\/kposbusiness.com\/index.php\/wp-json\/wp\/v2\/pages"}],"about":[{"href":"https:\/\/kposbusiness.com\/index.php\/wp-json\/wp\/v2\/types\/page"}],"author":[{"embeddable":true,"href":"https:\/\/kposbusiness.com\/index.php\/wp-json\/wp\/v2\/users\/1"}],"replies":[{"embeddable":true,"href":"https:\/\/kposbusiness.com\/index.php\/wp-json\/wp\/v2\/comments?post=1127"}],"version-history":[{"count":0,"href":"https:\/\/kposbusiness.com\/index.php\/wp-json\/wp\/v2\/pages\/1127\/revisions"}],"wp:attachment":[{"href":"https:\/\/kposbusiness.com\/index.php\/wp-json\/wp\/v2\/media?parent=1127"}],"curies":[{"name":"wp","href":"https:\/\/api.w.org\/{rel}","templated":true}]}}